z**2 + 12010*z + 344. Give h(156).
32
Let i(x) = x**3 - 28*x**2 - 87*x + 3627. What is i(24)?
-765
Let y(c) = -4*c**3 + 6*c**2 + 63*c - 41. Determine y(9).
-1904
Let z(u) = -48*u**3 - 1773*u**2 + 111*u + 422. Determine z(-37).
422
Let v(p) = -88*p**2 + 5625*p + 1408. What is v(64)?
960
Let d(m) = -12899*m - 6. What is d(0)?
-6
Let m(l) = 4324*l + 38896. What is m(-9)?
-20
Let q(a) = 43*a**2 + 1070*a - 134. What is q(-25)?
-9
Let g(o) = 60*o**2 - 419*o - 3439. What is g(12)?
173
Let q(u) = u**3 - 102*u**2 + 82*u + 536. Determine q(101).
-1383
Let a(j) = -5*j**2 - 292*j + 480. What is a(-60)?
0
Let h(c) = -c**3 + 67*c**2 - 992*c - 2765. What is h(41)?
269
Let q(u) = 87*u - 8653. What is q(96)?
-301
Let a(c) = -24363*c + 73105. Give a(3).
16
Let n(m) = -435128*m - 6091774. Calculate n(-14).
18
Let b(p) = p**3 + 122*p**2 - 96*p + 3377. Determine b(-123).
56
Let z(p) = 9*p**3 - 11*p**2 - 66*p + 55. What is z(3)?
1
Let s(f) = 242*f - 86062. Determine s(356).
90
Let l(t) = t**3 + 16*t**2 + 96*t + 539. What is l(-12)?
-37
Let s(y) = -19148*y - 153297. What is s(-8)?
-113
Let p(j) = j**3 - 94*j**2 - 501*j + 185. What is p(99)?
-409
Let l(r) = -4*r**3 - 10*r**2 + 208*r - 507. Give l(3).
-81
Let n(h) = 2146*h + 772560. Calculate n(-360).
0
Let b(z) = 357*z + 8130. Determine b(-22).
276
Let h(n) = -538*n - 24076. What is h(-42)?
-1480
Let s(q) = -6*q**3 - 19*q**2 + 13*q - 68. Give s(-6).
466
Let d(v) = -v**3 - 14*v**2 + 3*v - 146. Calculate d(-8).
-554
Let k(v) = -v**3 - 9*v**2 + 535*v + 1342. Determine k(-27).
19
Let l(t) = 3*t**2 - 5850*t + 864095. Calculate l(1789).
8
Let v(d) = 2*d**3 + 39*d**2 - 434*d - 12. Give v(8).
36
Let y(l) = l**2 - 204*l + 10220. What is y(109)?
-135
Let h(j) = 247*j + 2244. Determine h(-8).
268
Let j(u) = -1991*u - 374300. Give j(-188).
8
Let n(m) = m**3 - 9*m**2 + 124*m - 663. Determine n(6).
-27
Let s(j) = j**3 - 192*j**2 - 4657*j - 10978. Determine s(214).
-64
Let i(t) = -408*t**3 + 39*t**2 - 33*t - 4. Give i(1).
-406
Let v(s) = s**3 + 207*s**2 - 5285*s + 568. Calculate v(-230).
-582
Let w(o) = 320*o + 42272. Give w(-133).
-288
Let q(s) = -132278*s + 3571451. What is q(27)?
-55
Let o(j) = -2*j**2 - 1060*j + 145334. Calculate o(-643).
16
Let l(i) = i**2 - 69014*i - 483144. Determine l(-7).
3
Let z(j) = j**3 + 458*j**2 + 2254*j - 17. Calculate z(-5).
38
Let p(x) = -2*x**3 + 2*x**2 + 110*x - 58. Calculate p(-7).
-44
Let a(d) = -d**2 + 110*d + 5546. What is a(-36)?
290
Let d(c) = -1131*c**2 + 4631*c - 422. What is d(4)?
6
Let y(l) = 2*l**2 - 198*l - 653. What is y(106)?
831
Let f(b) = 7060*b + 7945. Give f(-1).
885
Let w(h) = -5*h**2 + 54*h - 327. Calculate w(12).
-399
Let j(x) = 2614*x**2 + 640425*x - 1225. Calculate j(-245).
0
Let x(q) = 9*q**2 - 1859*q - 543. Calculate x(205).
-3413
Let x(t) = 2*t**2 + 10550*t + 4394925. Give x(-456).
-3
Let g(w) = -26272*w - 6646801. Determine g(-253).
15
Let g(j) = -5547*j + 43341. What is g(8)?
-1035
Let l(g) = 2*g**2 - 135*g + 2081. Calculate l(25).
-44
Let o(w) = -2387*w + 537078. What is o(225)?
3
Let k(u) = -350532*u - 7010657. Give k(-20).
-17
Let v(u) = -140*u**2 - 28*u - 1. Determine v(-1).
-113
Let s(m) = -3*m**3 + 13*m**2 - 9*m + 37. What is s(5)?
-58
Let y(g) = -10466*g - 104654. Calculate y(-10).
6
Let q(m) = -19*m**3 - 4*m**2 - 113*m + 560. Determine q(5).
-2480
Let u(x) = 4*x**2 + 152362*x + 2132293. Determine u(-14).
9
Let z(x) = -3110*x + 267479. What is z(86)?
19
Let k(h) = -322*h - 6137. Give k(-21).
625
Let a(s) = 9*s**3 + 5*s**2 - 65*s + 111. Determine a(2).
73
Let c(f) = 311*f**3 + 100*f**2 - 94*f - 4. What is c(1)?
313
Let x(j) = j**3 + 34*j**2 - 16*j + 1803. Give x(-36).
-213
Let w(d) = -11961*d + 4497342. Calculate w(376).
6
Let x(i) = i**3 + 4*i**2 + 2827*i + 17109. Give x(-6).
75
Let v(a) = -278*a**2 + 20027*a + 169. Calculate v(72).
961
Let y(w) = -95661*w + 478295. What is y(5)?
-10
Let d(l) = 46763*l + 44424853. Give d(-950).
3
Let s(k) = -16*k**3 - 150*k**2 - 27*k + 248. Determine s(-9).
5
Let s(c) = c**3 + 31*c**2 + 34*c + 78. Determine s(0).
78
Let n(s) = -2*s**3 - 84*s**2 - 755*s + 846. Calculate n(-28).
34
Let o(p) = -6*p**2 - 194*p + 5329. Calculate o(-50).
29
Let i(w) = -w**2 + 548*w + 48130. Calculate i(-77).
5
Let v(l) = -l**2 - 251*l + 19379. Determine v(-313).
-27
Let s(f) = -993*f - 3904. What is s(-4)?
68
Let c(m) = -m**2 - 402*m - 40051. What is c(-212)?
229
Let j(p) = -77*p**2 - 1331*p + 85. Give j(-12).
4969
Let u(b) = 9*b**3 + 93*b**2 - 816*b - 3. Determine u(9).
6747
Let p(z) = 2*z**2 + 550*z + 32519. Give p(-86).
11
Let x(v) = -4*v**3 + 286*v**2 + 105*v + 1911. Determine x(72).
-897
Let a(s) = s**3 - 4*s**2 - 426*s - 421. Calculate a(-1).
0
Let k(n) = -n**3 - 6*n**2 - 155*n - 176. What is k(-13)?
3022
Let o(j) = -99*j**2 + 3943*j + 9042. What is o(42)?
12
Let w(m) = -2*m**3 + 348*m**2 - 340*m + 2514. Give w(173).
3552
Let i(g) = -14*g**2 - 592*g - 206. Give i(-42).
-38
Let q(i) = 12*i**2 - 1480*i + 7549. What is q(118)?
-3
Let c(d) = d**3 - d**2 + 107813*d - 431303. What is c(4)?
-3
Let j(h) = 2*h**3 + 20*h**2 + 106*h - 28. Calculate j(-12).
-1876
Let h(a) = 774*a**2 - 2631*a - 1878. Calculate h(4).
-18
Let w(u) = -8726*u + 3132700. Determine w(359).
66
Let f(m) = 22*m**3 + 652*m**2 - 239*m + 24. Calculate f(-30).
-6
Let j(u) = 2*u**2 + 76602*u - 229828. What is j(3)?
-4
Let o(j) = -j**2 - 2691*j - 723570. Give o(-303).
-6
Let s(a) = 873*a + 357641. Give s(-410).
-289
Let c(x) = -48377*x - 193457. What is c(-4)?
51
Let w(l) = -l**2 + 1583*l - 34364. Calculate w(22).
-22
Let n(x) = -x**3 + 58*x**2 + 2985*x + 1579. Give n(91).
-59
Let y(j) = -8*j**3 - 98*j**2 - 128*j - 34. What is y(-8)?
-1186
Let q(v) = 2*v**2 - 14071*v + 587446. Give q(42).
-8
Let a(d) = -4*d**3 + 25*d**2 + 41*d - 39. Determine a(8).
-159
Let i(v) = 2*v**3 - v**2 + 425*v + 1733. Calculate i(-4).
-111
Let u(z) = 463*z**2 + 1645*z - 1646. Calculate u(1).
462
Let r(z) = z**3 + 21*z**2 + 110*z + 1595. Determine r(-20).
-205
Let w(t) = t**2 + 30161*t + 391919. Calculate w(-13).
-5
Let x(j) = 5295*j - 21230. Give x(4).
-50
Let m(w) = -w**2 - 312*w - 19846. Determine m(-100).
1354
Let i(p) = 889*p**2 + 1187695*p - 12026. What is i(-1336)?
-2
Let j(l) = 6*l**2 - 385*l + 2078. Give j(6).
-16
Let d(z) = -z**3 - 39*z**2 + 104*z + 2257. What is d(-7)?
-39
Let k(w) = 2*w**2 + 600*w + 47. Give k(-300).
47
Let g(n) = -3*n**2 + 233*n + 3280. Give g(-13).
-256
Let v(k) = k**2 - 42*k + 35. Calculate v(39).
-82
Let g(p) = p**2 + 2438*p + 455727. Determine g(-204).
-9
Let z(h) = 6*h**3 - 15*h**2 + 148*h - 73. Determine z(5).
1042
Let j(c) = -87*c**2 + 1167*c + 741. Calculate j(14).
27
Let u(l) = -300*l + 116729. Calculate u(389).
29
Let f(t) = -231*t + 34421. What is f(150)?
-229
Let z(l) = -l**3 + 177*l**2 - 7530*l + 4280. Give z(107).
0
Let h(r) = 3660*r + 14722. Determine h(-4).
82
Let b(a) = 38*a**2 - 17688*a + 7866. Calculate b(465).
-504
Let q(r) = -r**3 + 36*r**2 - 26*r + 141. Determine q(35).
456
Let y(i) = 2217*i - 1124149. Give y(507).
-130
Let x(z) = 404*z**2 - 26258*z - 133. Give x(65).
-3
Let p(o) = -419*o**2 + 4561*o + 529. What is p(11)?
1
Let k(b) = 27237*b + 1062231. What is k(-39)?
-12
Let u(n) = -5*n**3 - 249*n**2 + 354*n + 1665. Determine u(-2).
1
Let z(k) = 2*k**2 - 7871*k + 148850. Determine z(19).
23
Let n(i) = -33597*i - 67111. Give n(-2).
83
Let v(l) = 410*l - 781. Determine v(2).
39
Let v(u) = -1186*u + 6130. Determine v(5).
200
Let f(x) = -2*x**2 + 376*x - 17138. Calculate f(111).
-44
Let f(b) = -16374*b + 9103936. What is f(556)?
-8
Let k(b) = -14*b**3 + 22*b**2 + 43*b + 75. What is k(-3)?
522
Let d(y) = -187*y - 679. Give d(0).
-679
Let o(c) = -c**3 + 197*c**2 + 23*c - 4595. Determine o(197).
-64
Let v(w) = 3285*w + 24806. Calculate v(-7).
1811
Let u(s) = s**3 - 247*s**2 + 293*s + 48269. Determine u(245).
4
Let u(o) = -49770*o + 1692212. Determine u(34).
32
Let x(p) = p**2 - 426*p - 187876. Determine x(-270).
44
Let r(x) = 2109*x - 31740. Give r(15).
-105
Let t(d) = 12*d**2 - 1529*d + 36625. Give t(32).
-15
Let g(t) = 94*t**2 - 4322*t - 38. Calculate g(46).
54
Let s(u) = 3860*u + 61768. Give s(-16).
8
Let p(r) = -370*r - 1963. What is p(-5)?
-113
Let s(l) = -61*l**2 + 3766*l + 17271. Calculate s(66).
111
Let i(z) = -10875*z - 489347. What is i(-45)?
28
Let n(g)